ne s(-2).
5
Let h(y) = -2*y**2 + 38*y + 6. Give h(0).
6
Let s(a) = 2*a**2 - 17*a - 23. Give s(9).
-14
Let b(u) = u**3 - u**2 + 2*u. Give b(-2).
-16
Let t(c) = c + 106. Calculate t(0).
106
Let n(a) = 3*a - 1. What is n(4)?
11
Let o(p) = -p**2 - 4*p + 8. What is o(-7)?
-13
Let f(s) = -s**3 - 6*s**2 - 6*s - 17. Give f(-6).
19
Let h(s) = -2*s**2 + 13*s - 1. Calculate h(6).
5
Let k(i) = -i**2 + i + 8. Give k(6).
-22
Let s(z) = -z**2 + 15*z + 19. Calculate s(0).
19
Let x(r) = r**2 - 4*r - 1. Determine x(5).
4
Let z(f) = -2*f**2 + f. Give z(-4).
-36
Let v(f) = f + 5. What is v(-5)?
0
Let l(u) = 5*u - 3. What is l(-2)?
-13
Let s(y) = 4*y**3 + y**2 - 24*y - 3. Calculate s(3).
42
Let c(z) = -z**3 - z**2 - z - 41. Determine c(0).
-41
Let d(b) = -18*b. Give d(2).
-36
Let a(s) = s**3 - 3*s**2 - 13*s + 17. Calculate a(5).
2
Let c(o) = -5*o + 132. What is c(26)?
2
Let q(p) = -10*p**2 - 1. Give q(-1).
-11
Let u(b) = -b**3 + 10*b**2 - 31*b + 3. What is u(5)?
-27
Let b(y) = 8*y - 2. Give b(2).
14
Let l(n) = -n**3 + 8*n**2 - 12*n + 41. What is l(6)?
41
Let h(k) = -2*k - 6. Calculate h(8).
-22
Let b(g) = g**2 + 14*g + 9. Give b(-14).
9
Let x(f) = f**3 - 16*f**2 - 14*f + 53. Determine x(17).
104
Let r(y) = y**3 + 48*y**2 + 132*y - 137. Calculate r(-45).
-2
Let o(u) = -u**2 + 20*u - 13. What is o(18)?
23
Let s(f) = f**2 + 5*f - 12. Determine s(3).
12
Let o(t) = 2*t**3 + 2*t**2 - t + 1. Give o(-2).
-5
Let b(h) = -h**3 - 8*h**2 + 16*h + 15. Determine b(-10).
55
Let r(z) = -2*z - 1. Give r(8).
-17
Let a(v) = -v**2 + 11*v - 11. Give a(10).
-1
Let j(b) = -b**3 - 10*b**2 - 2*b - 6. Calculate j(-10).
14
Let y(q) = 2*q**2 + 23*q - 150. What is y(-16)?
-6
Let b(g) = -4*g**3 - 4*g**2 - 3*g - 1. What is b(-2)?
21
Let w(g) = g**2 + 5*g + 4. What is w(-2)?
-2
Let s(j) = 7*j + 2. Give s(-2).
-12
Let x(b) = 3*b + 23. What is x(-11)?
-10
Let d(y) = y**3 + 5*y**2 + y - 11. What is d(-3)?
4
Let u(g) = 15*g - 171. Calculate u(11).
-6
Let f(w) = w**3 - 6*w**2 - 17*w - 3. Calculate f(8).
-11
Let r(x) = 15*x - 7. Determine r(2).
23
Let m(y) = 4*y + 21. Give m(0).
21
Let q(j) = j**2 + 4*j - 32. What is q(-9)?
13
Let j(h) = -h**3 - 14*h**2 - 32*h - 15. Determine j(-11).
-26
Let c(k) = k**2 + k - 8. Give c(7).
48
Let l(f) = -f**3 - 22. Determine l(0).
-22
Let s(p) = 2*p**2 - 15*p. What is s(11)?
77
Let j(q) = 2*q**3 - 32*q**2 + 54*q + 39. Determine j(14).
11
Let x(q) = q + 17. Give x(-15).
2
Let c(x) = 23*x - 140. Give c(6).
-2
Let f(x) = -30*x + 2. Determine f(1).
-28
Let q(y) = y**2 + 7*y + 5. Give q(-4).
-7
Let q(d) = -2*d**3 - 6*d**2 + 9*d + 7. Calculate q(-4).
3
Let p(j) = j**3 - 16*j**2 + 6*j - 86. What is p(16)?
10
Let w(k) = -k**3 + 15*k**2 - 6. What is w(15)?
-6
Let h(p) = 5*p - 14. What is h(7)?
21
Let i(s) = 2*s**2 - 3*s - 13. Give i(-3).
14
Let g(l) = 2*l**3 - 49*l**2 - 29*l + 94. Calculate g(25).
-6
Let f(o) = -4*o - 15. Give f(-7).
13
Let u(r) = r**3 - 15*r**2 - 17*r - 4. Determine u(16).
-20
Let s(t) = t**2 - 11*t + 34. Give s(7).
6
Let r(o) = o**2 + o - 37. What is r(-6)?
-7
Let d(k) = 7*k - 3. Calculate d(-3).
-24
Let s(g) = g**3 + 8*g**2 - 3. Determine s(-8).
-3
Let w(j) = 17*j - 3. Give w(2).
31
Let b(s) = s**3 - 2*s**2 - 7*s + 7. Calculate b(-3).
-17
Let d(o) = o**2 + 10*o - 1. What is d(-9)?
-10
Let p(l) = -l - 6. Determine p(-12).
6
Let r(q) = -q**2 - 6*q - 7. Give r(-3).
2
Let o(a) = 20*a**2 - 2*a - 1. Give o(-1).
21
Let b(j) = 20*j - 1331. What is b(67)?
9
Let f(v) = -v**3 - 3*v**2 + 6*v - 5. Determine f(-5).
15
Let c(m) = 2*m - 54. Give c(13).
-28
Let b(v) = -6*v - 47. Give b(-9).
7
Let i(p) = -p**2 + 14*p - 4. Calculate i(15).
-19
Let j(i) = i**3 + 6*i**2 + 4*i - 7. What is j(-5)?
-2
Let k(x) = -x**3 - 7*x**2 + 3*x + 4. Determine k(-8).
44
Let l(o) = o**3 + 12*o**2 - 38. Calculate l(-12).
-38
Let t(q) = -2*q**3 - 13*q**2 + 3*q - 7. What is t(-7)?
21
Let l(g) = 11*g - 4. Calculate l(3).
29
Let o(r) = 4*r**3 - 3*r**2 + 2. Calculate o(2).
22
Let p(s) = s**2 - 9*s + 48. What is p(0)?
48
Let t(c) = -8*c - 64. Determine t(-7).
-8
Let y(o) = o**2 + 11*o + 6. Calculate y(-11).
6
Let f(i) = i**2 - 8*i + 11. What is f(5)?
-4
Let w(o) = 4*o**3 + 2*o**2 - 2*o + 1. Determine w(-3).
-83
Let l(q) = -2*q - 22. Calculate l(-9).
-4
Let n(r) = -r**3 - 10*r**2 + 3*r + 15. Determine n(-10).
-15
Let y(n) = n**3 - 6*n**2 - 8*n - 6. Give y(7).
-13
Let l(p) = 8*p + 1. Determine l(6).
49
Let x(m) = -44*m + 177. Determine x(4).
1
Let f(u) = -8*u - 402. Calculate f(-45).
-42
Let j(c) = c**2 + 12*c + 1. Calculate j(-12).
1
Let t(i) = -i**3 + 5*i**2 + i + 5. Give t(5).
10
Let k(x) = x**2 + 25*x - 9. Calculate k(-23).
-55
Let g(a) = a**3 + 4*a**2 - 3*a - 8. Determine g(-4).
4
Let b(i) = -9*i + 64. What is b(8)?
-8
Let c(x) = 3*x**2 - 35*x - 95. Give c(14).
3
Let m(t) = t**3 - 4*t**2 - 8*t + 9. Calculate m(5).
-6
Let p(x) = -x**3 - 16*x**2 - 3*x - 24. What is p(-16)?
24
Let o(d) = d**3 + 4*d**2 - 2*d. Give o(-4).
8
Let q(z) = 6*z - 9. Determine q(-6).
-45
Let v(a) = a**2 + a - 5. Give v(-3).
1
Let h(u) = u**2 + 13*u - 13. Determine h(-13).
-13
Let f(s) = 11*s - 279. What is f(25)?
-4
Let k(u) = u**2 + 22*u - 67. What is k(-25)?
8
Let t(o) = o**2 - 4*o - 9. What is t(12)?
87
Let o(n) = -2*n + 16. Give o(12).
-8
Let a(p) = p**3 - 5*p**2 - 6*p - 3. What is a(6)?
-3
Let g(k) = -2*k**3 + 2*k**2 - 3*k + 6. What is g(3)?
-39
Let w(p) = -2*p + 3. Determine w(-2).
7
Let d(t) = t**2 + 14*t + 6. What is d(-13)?
-7
Let b(z) = 31*z - 29. Calculate b(0).
-29
Let d(q) = -2*q**2 + 89*q - 127. Give d(43).
2
Let v(p) = -2*p**2 + 2*p - 1. Give v(2).
-5
Let d(x) = x**3 - 29*x**2 + x - 19. Determine d(29).
10
Let f(m) = -19*m. Determine f(1).
-19
Let w(b) = 7*b + 7. Determine w(3).
28
Let w(c) = 3*c**3 + 10*c**2 - 7*c - 3. Determine w(1).
3
Let t(g) = 3*g + 37. What is t(-10)?
7
Let t(l) = l**3 - l**2 - 2*l. What is t(-2)?
-8
Let c(y) = -y**3 + 24*y**2 + 24*y - 23. What is c(25)?
-48
Let f(n) = 43*n**2 + n + 1. Calculate f(-1).
43
Let s(l) = -2*l**3 - 7*l**2 + 6*l + 9. Determine s(-4).
1
Let y(t) = t**3 - 14*t**2 - t - 26. Calculate y(14).
-40
Let y(d) = d**2 - 2*d - 2. Determine y(-3).
13
Let a(p) = p**2 + 14*p - 19. Give a(-18).
53
Let s(a) = -a**3 + 5*a**2 - 8*a + 14. What is s(4)?
-2
Let q(d) = d**3 - 5*d**2 + 6*d - 3. Give q(4).
5
Let a(t) = -t**3 + 12*t**2 - t + 17. Calculate a(12).
5
Let k(d) = -d**3 + 4*d**2 + 2*d + 18. What is k(5)?
3
Let f(n) = n**3 + 13*n**2 + 16. Give f(-13).
16
Let h(w) = -w**3 + 6*w**2 - w - 10. Calculate h(5).
10
Let c(x) = -x**2 + 45*x + 138. Calculate c(-3).
-6
Let r(v) = -5*v + 46. Calculate r(13).
-19
Let s(l) = l**3 + 2*l**2 - 8*l + 6. What is s(-4)?
6
Let a(f) = f**3 - 4*f**2 - 12*f - 4. Give a(6).
-4
Let f(x) = -x**3 - 5*x**2 - x + 3. Give f(-5).
8
Let i(a) = -36*a - 106. What is i(-3)?
2
Let p(n) = -n**3 + 7*n**2 + 4*n + 1. What is p(4)?
65
Let u(s) = -10*s. Determine u(-1).
10
Let k(u) = 2*u**2 + 3*u. Give k(-7).
77
Let g(j) = -j - 7. Calculate g(-6).
-1
Let r(x) = x**2 - 13*x - 12. Determine r(13).
-12
Let s(j) = -2*j**3 + 6*j + 5. What is s(-1)?
1
Let g(f) = -f**2 - 12*f - 23. Determine g(-5).
12
Let l(g) = 9*g + 3. Give l(7).
66
Let m(p) = p**2 + 10*p - 44. Determine m(-14).
12
Let w(x) = 2*x**2 - 50*x - 42. Give w(26).
10
Let q(v) = -v**2 + 20*v - 1. Determine q(20).
-1
Let k(j) = -16*j + 248. Determine k(16).
-8
Let k(f) = 18*f + 6. Determine k(-1).
-12
Let j(t) = t**3 - 17*t**2 - 37*t - 22. Calculate j(19).
-3
Let v(l) = l**2 + 16*l - 24. Calculate v(-17).
-7
Let s(y) = y**2 + 15*y + 11. Calculate s(-13).
-15
Let f(g) = -g + 1. Calculate f(0).
1
Let f(d) = -d**3 - d**2 + d - 5. Determine f(0).
-5
Let c(h) = h**2 - 20*h - 24. What is c(23)?
45
Let x(a) = -a**2 - 9*a + 10. Give x(-10).
0
Let x(j) = -18*j**2 - 2*j + 1. Determine x(1).
-19
Let h(n) = -n**3 - 10*n**2 - 2*n + 18. Determine h(-9).
-45
Let l(w) = -33*w**3 + 2*w**2 + 2*w + 1. What is l(-1)?
34
Let l(f) = f**3 - 21*f**2 + 38*f. Give l(19).
0
Let s(l) = -3*l**2 + 10*l - 7. Calculate s(7).
-84
Let k(o) = 7*o + 9. Determine k(-2).
-5
Let r(m) = m**2 - 19*m - 37. Calculate r(21).
5
Let d(m) = m**3 + 10*m**2 + 15*m - 1. Determine d(-8).
7
Let g(h) = -5*h + 49. Calculate g(11).
-6
Let m(w) = -w - 11. Calculate m(-5).
-6
Let x(y) = y**3 - 5*y**2 + 2*y - 14. What is x(5)?
-4
Let c(i) = i**3 + 16*i**2 - i - 25. Give 